- 2*l. Let s(k) be the second derivative of w(k). Determine s(2).
10
Let o = -52 - -70. Let c(j) = -385*j**2 + o + 194*j**2 + 192*j**2. Give c(0).
18
Let c(x) = x**2 - 72*x - 298. Let n be (6/5)/(((-15)/10)/(4 + 1)). Calculate c(n).
6
Suppose 563*o - 561*o = -2*d + 6, -3*o = -2*d + 16. Let r(j) = j**2 - 9. Give r(d).
16
Let j(p) = 18*p**3 + 199*p**2 + 10*p - 13. Let a be j(-11). Let g(n) = 6*n**3 - n**2 - 4*n - 1. Calculate g(a).
-45
Let b(u) = 561*u + 2244. Let w be b(-4). Let t(s) = s**3 + 4*s**2 + 3*s - 1. Give t(w).
-1
Let g(f) = -f**3 - 4*f**2 - 2*f - 3. Suppose r - z - 7 = -6, 4*z + 2 = 5*r. Determine g(r).
-7
Let q(n) = -n**3 - 6*n**2 + 5*n - 16. Let u = -7 + 0. Determine q(u).
-2
Let f(y) = -9*y**2 - y - 39. Let l(h) = 7*h**2 + 32. Let v(j) = -5*f(j) - 6*l(j). Determine v(-2).
5
Let x(r) = -751 - 762 - 4*r - 876 + 2402 + 0*r. Let k be 4/1*(-3)/(-4). What is x(k)?
1
Let c(v) = -5*v + 2*v + 7*v - 1. Suppose g + 3*q - 10 = 0, 4 = g + q - 2. Let f be (g/(-8) + 1)/((-3)/(-12)). Calculate c(f).
7
Let g(i) = -2*i**2 + 9*i + 30. Let z be g(6). Let u(y) = 10*y - 125. Calculate u(z).
-5
Let y(u) be the third derivative of u**5/30 - 3*u**4/4 + 31*u**3/6 + 1029*u**2. Calculate y(6).
-5
Let t(q) be the first derivative of 20*q**2 - 7*q + 599. Determine t(0).
-7
Let b(d) = d + 2. Let r(v) = -v - 2. Let j(q) = -7*b(q) - 6*r(q). Suppose -5*h = 6*a - 10*a + 4, -10 = -4*h + a. Determine j(h).
-6
Let c(s) = -2*s + 7. Let f(u) = -7*u + 39. Let l(a) = 2*c(a) - 2*f(a). Determine l(6).
-4
Let g(r) = -6*r**3 - r**2 + r + 6. Let u(i) = i**3 - 1. Let a(m) = g(m) + 5*u(m). Suppose 3*o + 59 - 56 = 0. Let f be o*(6 + -6)/1. What is a(f)?
1
Let w(n) = n**2 + 8*n - 1. Let z be w(-5). Suppose 7*m = -2*s + 11*m + 10, 2*s - m + 2 = 0. Let b be (s/4)/((-4)/z). Let u(k) = -k**2 - 4*k. Give u(b).
3
Let h(r) = 57*r - 4. Let o(p) = -2*p**3 - 60*p**2 - 51*p + 204. Let l be o(-29). Calculate h(l).
53
Let r = 22 + -11. Suppose 4*x + 0*x = i - r, -3*i = -5*x - 12. Let f(l) = 2 - 42*l + 6 - 1 + 43*l. Calculate f(x).
4
Let y(w) be the third derivative of w**9/60480 - w**8/3360 + w**7/840 - w**6/720 - w**5/2 - 40*w**2. Let g(k) be the third derivative of y(k). Determine g(4).
-9
Let q be ((-13)/4)/(-1) - (-21)/(-84). Let p(f) = -186*f**3 - 186*f**3 - 4 - 1 + 373*f**q - 3*f**2 - 4*f. Give p(4).
-5
Let q = 858 - 515. Let m = q + -338. Let k(n) = -5*n + 7. Let p(s) = -4*s + 7. Let u(b) = 3*k(b) - 4*p(b). What is u(m)?
-2
Let h(n) = -32*n + 556. Let c be h(18). Let z(j) = -j**3 - 19*j**2 + 15*j - 1. Give z(c).
99
Let u(a) = 6*a + 18 + 16 + 13 - 42. Let o be u(-2). Let p(c) = c**3 + 6*c**2 - 7*c - 7. Calculate p(o).
-7
Suppose 0 = -6*h + 21*h + 90. Let u be 2/h - 68/12. Let x(b) = -b**2 - 5*b. Calculate x(u).
-6
Let d(o) be the first derivative of 4*o**2 + 2*o + 20. Determine d(-1).
-6
Suppose -189 = 32*m - 93. Let l(y) = 2*y**3 - 2*y**2 + 2*y + 1. Determine l(m).
-77
Let q(h) = 5*h + 9 - 23*h**2 - 21*h + 45*h**2 - 23*h**2 - 28. Calculate q(-14).
9
Let j(x) = -x**2 + 21*x + 13. Let m = 23621 + -23611. Calculate j(m).
123
Let q(y) = -y**2 + 26*y - 39. Let w = -4514 + 4539. Calculate q(w).
-14
Let f be (10/4 + -3)*26. Let a = f - -19. Let n(l) = 6 + 847*l - l**3 + 4*l**2 - 848*l + 2*l**2. What is n(a)?
0
Let j(k) be the second derivative of k**5/60 - k**4/2 + 3*k**3/2 - 62*k**2 + 33*k - 1. Let w(x) be the first derivative of j(x). Give w(8).
-23
Let l = -2 + 9. Let c(o) = -26*o - 2. Let x(z) = 39*z + 3. Let j(q) = -8*c(q) - 5*x(q). Let t(r) = -28*r - 1. Let i(v) = 13*j(v) + 6*t(v). Calculate i(l).
14
Suppose 2*a = -70 + 58. Let g(z) = -5*z**2 + 32*z + 16. Suppose -16 = -11*o + 17. Let j(v) = -2*v**2 + 11*v + 5. Let n(u) = o*g(u) - 8*j(u). What is n(a)?
-4
Let w(o) = -2*o**3 - 207*o + 3*o**3 + 3 - 2*o**2 - 2*o**2 + 204*o + 3. Suppose k - 3*v = -4 + 12, -v = -5*k - 2. Let a = 5 + k. Determine w(a).
-6
Let l(o) = o - 2. Let g(s) = -2*s + 4. Suppose 0 = -5*n, -26*f + 3*n + 9 = -29*f. Let u(z) = f*l(z) - 2*g(z). Calculate u(-6).
-8
Let f(s) = -s**3 + 7*s**2 - 2*s - 4. Suppose 208 = 4*v + t + 185, -4*t - 16 = -2*v. Give f(v).
20
Let h be (-18)/3*(-112)/84. Let u(d) = d**2 - 11*d + 6. Give u(h).
-18
Let o(f) be the second derivative of -f**3/3 + 2*f**2 + 515*f. Suppose -5*d + 8 = -17. Give o(d).
-6
Let r(n) = 10*n. Suppose -13*f + 10 = -11*f. Let a = -3 + f. Suppose 7*b + a = 9*b. Give r(b).
10
Let o(s) = 14*s**2 - 15*s**2 - 40*s + 5*s + 28 - 15 - 31. Give o(-34).
16
Let p(z) = z - 9. Suppose 4*i + 25 + 23 = 0. Let t be 3 + -1 - 4/(i/(-15)). Let b be t/6 + 2/4. Give p(b).
-9
Let i(d) = d**3 - 4*d**2 - 10*d + 8. Let z(u) = -16*u - 79. Let m be z(-7). Suppose -8*s = -5*s + 3*y - m, 0 = -3*s - 5*y + 43. Determine i(s).
20
Suppose 5*b - 8 = -q + 15, -3*b = 5*q + 17. Let p(o) = 6*o + 2*o - o**3 - 4 - 6*o**2 + 2 - 3*o. What is p(q)?
12
Let a be (-10)/(-7*(-10)/105). Let o be ((-10)/15)/(4 + 58/a). Let y(r) = r**2 + 4*r - 2. What is y(o)?
3
Let j(r) = -31 + 15*r**3 - 37*r**3 + 21*r**3 + 15 - 10*r**2 - 3*r. Calculate j(-9).
-70
Let r(w) = w**3 - 3*w**2 + 2*w + 1. Let x be r(2). Let b(d) = -1 + 1 - x - 2*d + d. Let a be (1 + -11 - -25)*(-2)/(-5). Calculate b(a).
-7
Let f(o) be the third derivative of o**6/120 - o**5/12 - o**4/8 - o**3/6 - 16*o**2. Suppose 23*u + 116 = 52*u. Calculate f(u).
-29
Let h(f) = f**3 + 5*f**2 + 4*f - 3. Let z be h(-2). Let s be (5/90*4)/(z/9). Let x(k) = -14 + 8*k**s - 22 - k**3 - 13 - 5*k + 39. Calculate x(7).
4
Let q(g) = -2*g + 63. Let c be q(22). Let j(i) = 4538*i**2 - c*i - 4539*i**2 + 4*i - 1. What is j(-15)?
-1
Let l(f) = 7*f**3 - 5*f**2 + 4*f + 2. Let n(y) = 5*y**3 - 4*y**2 + 3*y. Let z(r) = 2*l(r) - 3*n(r). Let u = -9 - -12. Let k be u*2 + -5 + 2. Calculate z(k).
-8
Let i(u) = 3*u + 60. Suppose -37*w + 576 = -69*w. Calculate i(w).
6
Let r(o) = o**3 + 8*o**2 - 7*o + 4. Let v = -4562 - -4553. What is r(v)?
-14
Let r(q) be the second derivative of q**7/840 - q**6/180 + q**5/40 - q**3/2 + 3*q + 1. Let x(o) be the second derivative of r(o). Determine x(2).
6
Let o(v) be the first derivative of v**4/4 + 8*v**3/3 + 5*v**2/2 - 5*v - 1. Let w be 2436/(-435)*(-5)/(-4). What is o(w)?
9
Let x(b) be the second derivative of b**3/2 + 3*b**2 + 2*b. Suppose -14 = 462*y - 460*y + 2*k, -4*y = -2*k + 34. Calculate x(y).
-18
Let r be 9/2*(-140)/(-315). Suppose 0 = 18*c + r*c. Let m(a) = -2*a + 6. Let y(j) = -j + 6. Let x(f) = -2*m(f) + 3*y(f). Determine x(c).
6
Let v(a) be the first derivative of -a**4/4 + 8*a**3/3 - a**2/2 - 3*a - 1317. What is v(8)?
-11
Let c(i) = -161*i - 67*i - 3*i**2 + 19 - i**3 + 237*i. Calculate c(-4).
-1
Let c(h) = -13*h**2 - 3*h - 9. Let a(o) = -2*o**2 - 2*o. Let y(d) = -6*a(d) + c(d). Let g(t) = 2*t**2 - 19*t + 19. Let q(l) = -4*g(l) - 9*y(l). Give q(5).
5
Let h(r) = 2*r**2 - 98*r - 95. Let t(n) = n**2 - 33*n - 32. Let g(l) = -3*h(l) + 8*t(l). Let y be 0 - (819/(-351))/(2/(-24)*2). Calculate g(y).
1
Let d(u) = 0 - 3*u - 8 + 2. Let t(k) = 2*k + 5. Let x be (4/(-22))/((-90)/1980). Let a(j) = x*t(j) + 3*d(j). Determine a(-6).
8
Let f(z) = -z**3 + 2*z**2 + 32*z + 4. Suppose -310*l - 1670 = -120. What is f(l)?
19
Let n(i) = -i**2 + 15*i + 22. Let m be n(14). Suppose -m*l = -38*l + 46. Suppose -27 = q - l. Let b(v) = 2*v. Calculate b(q).
-8
Let z(s) = s**3 - s**2 - 5*s. Let f(c) = 6*c**3 - 9*c**2 - 35*c - 3. Let i(h) = f(h) - 7*z(h). What is i(2)?
-19
Let l(x) = x**2 - 6*x + 8. Let v(i) = 2*i**2 - 7*i + 9. Let k(y) = 3*l(y) - 2*v(y). Let d(r) = r**2 - 15*r + 30. Let a be d(12). Calculate k(a).
-6
Let l = -568 + 575. Let n(f) = 2*f**3 - 3*f**3 - 8*f + 68*f**2 + 7 - 60*f**2. Calculate n(l).
0
Let o(y) = 20*y**3 - 19*y**2 + 5*y - 35. Let a(w) = 11*w**3 - 10*w**2 + 2*w - 17. Let x(v) = 11*a(v) - 6*o(v). Give x(-6).
-1
Let r(y) = 5*y**2 + 12*y - 3. Let d(o) = 6*o**2 + 13*o - 4. Let p(q) = -3*d(q) + 4*r(q). Let l = 845 - 851. Give p(l).
18
Let o be 7 + (7 - 54/6). Let v be ((-49)/(-35) + -3)*o. Let p(q) = -q**3 - 7*q**2 + 7*q + 4. Give p(v).
12
Let x be -10*(1 + 21/(-15)). Suppose 0 = -4*r + 4*u - 32, -x = -0*r - r - 2*u. Let t(q) = 241 - 242 + 7*q - 3*q - 12*q + 4*q + 2*q. Calculate t(r).
7
Let f(b) = -50*b - 186. Let z be f(-4). Suppose -88*i + 85*i - 2*n - 28 = 0, 4*i - 2*n + z = 0. Let l(p) = p - 5. What is l(i)?
-11
Let a(n) = 2*n - 1. Let y(q) = -3*q + 25. Let k 